git of s?
7
Let o = 269 - 594. Let s = -200 - o. What is the tens digit of s?
2
Let g = 4511 + 6631. What is the units digit of g?
2
Suppose -198105 = -3*c - 147*y + 148*y, -5*c - 5*y + 330115 = 0. What is the units digit of c?
2
Suppose 4*c - 117 = 17*c. What is the units digit of (6 + 66/c)*-132?
6
Let b = 1 + 12. Suppose 0 = -2*p - 5 + b. Suppose 0 = l - p*l + 123. What is the tens digit of l?
4
Suppose -6*n + 48467 = 27*n - 16*n. What is the tens digit of n?
5
Let y(p) = p + 16. Let b be y(-11). Suppose -4*v + 4 = 0, 5*h + b*v - 45 = 25. Let g = 39 + h. What is the tens digit of g?
5
What is the hundreds digit of ((-130)/(-15))/(27/139239)?
6
Let d = -5425 + 9192. What is the hundreds digit of (-2)/(-24) - d/(-12)?
3
Let m be 48/(-8) + 1 + 1230. Suppose -184*z = -179*z - m. What is the units digit of z?
5
Let b(d) = -81*d - 7. Let o be 52/(-12) - (-3)/9. Let q be b(o). Let g = q + -220. What is the units digit of g?
7
Suppose 3*p + 254 = -4*u - u, 2*p - 2*u = -180. Let r = p + 336. What is the tens digit of r?
4
Let i(t) = 2*t**2 + 21*t + 63. Let b be i(-21). Let u = b - 351. What is the units digit of u?
3
Suppose t + 4*d = 6400, 18*t - 14*t - d - 25617 = 0. What is the hundreds digit of t?
4
Let g = 381 + 265. Let o = 1283 - g. What is the tens digit of o?
3
Let m = -127 + -548. Let r = 1176 + m. Let n = r - 295. What is the hundreds digit of n?
2
What is the tens digit of (304/(-56) + 4)/(10/(-38360))?
8
Let j(a) = 16*a + 5. Let t be j(-7). Suppose -3*i + 124 = 127, 639 = 3*l + 3*i. Let b = t + l. What is the tens digit of b?
0
Let p be 260/5 + -3 + 3. Let r = 231 - p. What is the hundreds digit of r?
1
Let s = -242 + 248. Suppose 501 = p + 4*c, s*p = 2*p + 3*c + 1928. What is the tens digit of p?
8
Let x(q) = 233*q - 2075. What is the tens digit of x(70)?
3
Suppose 0 = -4*f - 5*g + 70559, -2*f - 2*g + 2533 = -32747. What is the hundreds digit of f?
6
Let d = 13 + -12. Let j(y) = 996*y**3 + y**2 - 4*y - 1. Let o(i) = -249*i**3 + i. Let f(w) = -2*j(w) - 9*o(w). What is the hundreds digit of f(d)?
2
Suppose u + 4*u - 5*d + 430 = 0, 3*d = -5*u - 462. Let f be (18/(-15))/(12/u). Let y = 20 + f. What is the units digit of y?
9
Let g(v) = -v**3 + 15*v**2 + 62*v - 29. Suppose 2*n - 42 = -0*n - 4*o, -5*o = -n. What is the hundreds digit of g(n)?
9
Suppose -3*j + 7 = -10*j. What is the hundreds digit of (-16)/64 + j + (-2338)/(-8)?
2
Suppose 3*t = -3*g + 22719, 4*t + 105*g - 104*g - 30295 = 0. What is the tens digit of t?
7
Let b(r) = -r**3 - 2*r**2 - 1803 - 4*r + 1803 - r**2. What is the units digit of b(-4)?
2
Let h(r) = r**2 - 4*r - 2. Let t be h(5). Let c be -3*2*(8 + -6). What is the tens digit of 44*((-27)/c)/t?
3
Let w be (15/25)/((-1)/(-13335)). Suppose w = 9*s - 5013. What is the units digit of s?
6
Suppose -35*u - 50 = -45*u. What is the units digit of (9115/u + -1)/((-4)/(-2))?
1
Let a = -79 + 75. What is the tens digit of (167*9/(-18))/(1/a)?
3
Let o = 137 + -134. Suppose 5*p = -o*d + 1413, 5 = 2*d + 3. What is the hundreds digit of p?
2
Suppose 11737 = -68*j + 71*j - r, 0 = 4*j - 3*r - 15641. What is the units digit of j?
4
Suppose 0 = w - 5*j - 5 - 4, 3*j = -w + 9. Suppose -w*v + 738 = -3204. What is the units digit of v?
8
Let q be (7 - 8) + 3/1. Suppose -q*i + 8 = 2*i, 4*u = 3*i - 78. Let s(c) = c**3 + 19*c**2 + 16*c - 25. What is the tens digit of s(u)?
1
Let g(j) = 45*j + 36. Suppose 6*r = -2*r + 88. Let b be g(r). Let i = -312 + b. What is the hundreds digit of i?
2
Let k = 172 - 168. What is the hundreds digit of (-489)/(-1 - (3 + (-10)/k))?
3
Suppose o + 2*d = 1 + 13, -3*o - 5*d = -43. Suppose -10*y + o = -6*y. Suppose -4*m + 404 = -y*r, -4*m + 8*m - 402 = 3*r. What is the tens digit of m?
9
Let l = -124 - -127. What is the hundreds digit of (-1 - -31)*64/l?
6
Let a = -8 + 8. Suppose 0 = -a*m + m - 31. Suppose m + 79 = 5*d. What is the units digit of d?
2
What is the tens digit of (-3)/(7*18/(-605514))?
1
Suppose -3*u + 78125 = 2*h, -74934 = -2*h - 4*u + 3196. What is the thousands digit of h?
9
Let i be 3*1/(-21)*1 + 75/35. Let a be 386/4*(-2)/(-1). What is the units digit of (i + a)/((-24)/(-16))?
0
Let u(j) = -j + 2. Let r be u(-4). Let a(h) = -37*h**2 - 2*h + 3. Let l(x) = -78*x**2 - 4*x + 6. Let w(s) = -17*a(s) + 8*l(s). What is the units digit of w(r)?
9
Suppose 378*f - 82040 = 371*f. What is the ten thousands digit of f?
1
Suppose -18*c - y + 40 = -17*c, y - 79 = -2*c. Let u = -21 + c. What is the units digit of u?
8
Let m(l) = -2*l**2 + 12*l - 7. Let d be m(5). Let q(p) = 4 + d + 3*p + 0 - 12. What is the units digit of q(4)?
7
Suppose -n = -3 - 2. Let i(s) = -8*s**2 - 6*s + 8. Let p(v) = -15*v**2 - 12*v + 15. Let j(a) = 5*i(a) - 3*p(a). What is the units digit of j(n)?
0
Let m(y) = -24 - y + 20*y - y + 14*y + 98. What is the units digit of m(25)?
4
Suppose 7*b = 9*b - 40. Let j be 31/5 + (12/b)/(-3). Suppose z - j = -z. What is the units digit of z?
3
Let i(t) = -t**2 + 21*t - 36. Let o be i(16). Let q = o - 24. Suppose 107 + q = x. What is the tens digit of x?
2
Suppose 8 = 4*d, 3*g - 25 + 65 = 5*d. Let v(a) = 10*a**2 + 18*a - 5. What is the units digit of v(g)?
5
Suppose -2*n = -482 + 118. Suppose -n - 6 = -2*x. Suppose 2*z + 496 = 7*u - 2*u, u - x = 3*z. What is the hundreds digit of u?
1
Suppose -6 - 12 = 3*a. Let k = -3 - a. Suppose 4*h + 385 = 5*v, 0 = k*v - 2*h - 2*h - 223. What is the tens digit of v?
8
Let r(b) = 8*b**2 - 1 + 84*b**3 + 0 - 85*b**3. Suppose -15*j + 72 = -3*j. What is the units digit of r(j)?
1
Suppose 0 = 27*s - 26*s - 381. Let i = -63 + s. Suppose -k - i = -3*k. What is the tens digit of k?
5
Let q be 1968 - 25/(5 - 0). Let u = q - 767. What is the units digit of u?
6
Suppose 82*t - 27125 = 75*t. What is the hundreds digit of t?
8
Let v = 93 - 295. Let s = -272 - -194. Let j = s - v. What is the tens digit of j?
2
Suppose 0 = -5*a + 23*n - 22*n + 86094, -a + 17202 = 4*n. What is the thousands digit of a?
7
What is the thousands digit of (-9882)/(6*20/(-30) - -3)?
9
Let d(o) = -75*o + 4. Let b be d(-3). Let m be 3*9/(-3)*13. Let y = m + b. What is the hundreds digit of y?
1
Let v(u) = 2*u**3 - 66*u**2 - 69*u + 28. Let b be v(34). What is the tens digit of 13/((-26)/(-1062)) - b?
3
Suppose 1441 = 2*v + 4*w - 3363, -11980 = -5*v + 5*w. What is the thousands digit of v?
2
Let v = 10891 + -3829. What is the tens digit of v?
6
Suppose 0 = 5*d + v + 109975, 4*d + 12*v - 7*v + 87980 = 0. What is the units digit of 6/27 - (-2 + d/45)?
1
Let o(r) = 55*r + 1909. What is the hundreds digit of o(62)?
3
Let d(l) = l**3 + 12*l**2 + 13*l + 23. Let b be d(-11). What is the hundreds digit of -1 + 864/3 - 2/b?
2
Let s(z) be the first derivative of -3*z**2 + 20*z - 46. What is the tens digit of s(-6)?
5
Suppose -5*o + 0*o + 80 = 0. Suppose -u + o = 2. Suppose u*y + 172 = 16*y. What is the units digit of y?
6
Suppose 2*j + 4*t = 131848, -299*t + 263774 = 4*j - 304*t. What is the units digit of j?
6
Let x(b) = -4*b + 0*b - 1501 + 6*b**2 + 1500. What is the units digit of x(-7)?
1
Suppose -8*n + 4*n + 24 = 0. Suppose -n*f = 5*f - 8228. What is the tens digit of f?
4
Let b(f) = 1999*f**3 - 3*f**2 + 9*f - 5. What is the tens digit of b(2)?
9
Suppose -3*z - 2*b + 84 = 2*b, -b = -5*z + 163. Suppose 0 = 5*p - z - 258. What is the tens digit of (-94)/(-3) - p/(-87)?
3
Let y be 1332/8 + 18/(-12). Let l = 304 - y. What is the units digit of l?
9
Let x(a) = -4*a + 73. Let d be x(13). Let j = 271 - d. What is the units digit of j?
0
Suppose 16*f = 14*f - 14. What is the hundreds digit of -3*(-51 - f/((-21)/6))?
1
Let p(k) = 177*k**2 - 35*k + 99. What is the thousands digit of p(7)?
8
Let i = -1 - 16. Let c(u) = -u - 14. Let b be c(i). Suppose -j + b*j = -g + 74, 5*j = g - 67. What is the tens digit of g?
7
Suppose j - 3 = 0, 5*z + j - 20546 - 31682 = 0. What is the tens digit of z?
4
Suppose 0 = -17*q + 98728 + 4411. What is the hundreds digit of q?
0
Suppose q - 4221 = -2*q + 3*w, 4*q - w - 5637 = 0. Suppose q = -16*i + 3570. What is the units digit of i?
5
Let u(x) = 3*x**2 + 129*x - 2130. What is the tens digit of u(42)?
8
Let s(c) = -3682*c - 7688. What is the tens digit of s(-10)?
3
Let i(z) = 21*z**2 + 1880*z + 253. What is the units digit of i(-100)?
3
What is the hundreds digit of -6*32607/(-108) - (-22)/(-4)?